vert -2101540 (base 7) to base 4.
-331230301
Convert 1449658 (base 10) to base 11.
900171
Convert 8d0a (base 14) to base 12.
12226
What is 12221321112 (base 4) in base 6?
101220130
Convert -120433525 (base 6) to base 13.
-618860
What is 143022 (base 7) in base 14?
a012
Convert 24a901 (base 13) to base 16.
d6ec2
7361 (base 10) to base 7
30314
What is 1237017 (base 9) in base 16?
a4a25
Convert 75a773 (base 15) to base 7.
65430504
What is -1010110101110010 (base 2) in base 15?
-d252
What is 11122222201 (base 3) in base 12?
4519a
Convert -1423042 (base 7) to base 5.
-22100423
21010122020 (base 3) to base 6
3002053
Convert -4230693 (base 10) to base 9.
-7857370
-24132 (base 9) to base 8
-37424
What is 2383b (base 14) in base 8?
251235
Convert 341a7a (base 11) to base 3.
1000122200221
aa1b67 (base 12) to base 16
292f3f
What is -327d9b (base 14) in base 7?
-20360554
1113a8 (base 11) to base 2
101011010101100000
Convert 134380 (base 14) to base 7.
5436020
Convert 6877559 (base 10) to base 3.
110221102020102
Convert 28786 (base 13) to base 10.
75991
Convert 250a3 (base 15) to base 8.
347006
What is -110220021001 (base 3) in base 2?
-111101111110111010
243142322 (base 5) to base 15
179ae2
What is 200010102200 (base 3) in base 8?
1270674
What is -22002222 (base 4) in base 16?
-a0aa
What is 21003040 (base 6) in base 15?
beda0
-2201110110100 (base 3) to base 2
-101100001000000110100
What is -101012223 (base 4) in base 11?
-48700
-2c5131 (base 13) to base 3
-2001201010120
79f6dd (base 16) to base 3
120001002102000
20204011 (base 5) to base 9
267537
-13a8a39 (base 12) to base 10
-3955149
Convert -2404431 (base 5) to base 12.
-21812
What is -3113010210 (base 4) in base 9?
-1582363
-1052241551 (base 6) to base 2
-101100001110000010101011
10020110220 (base 3) to base 12
30aa3
What is 11210020122 (base 3) in base 7?
541460
What is 2c5141 (base 14) in base 9?
2823033
What is 27351345 (base 9) in base 16?
cdf29e
What is -321a36 (base 12) in base 5?
-200304203
-284562 (base 11) to base 13
-127863
What is -232033020 (base 4) in base 6?
-4020440
72b0 (base 16) to base 15
8a75
Convert -201 (base 11) to base 14.
-135
What is -503010 (base 12) in base 3?
-2100110210110
What is 56b49 (base 12) in base 13?
40872
What is -110120301 (base 6) in base 8?
-7407555
Convert -14652 (base 14) to base 5.
-3110030
Convert -804001 (base 10) to base 6.
-25122121
Convert 108722 (base 11) to base 16.
2a21a
1834 (base 9) to base 8
2600
What is -11124331 (base 5) in base 3?
-12000102011
What is 73d43 (base 15) in base 7?
3060252
What is -2d959 (base 14) in base 4?
-123322223
What is 9634ba (base 16) in base 11?
5613959
-2651008 (base 9) to base 4
-11202023132
What is 78568 (base 14) in base 15?
5b776
What is 100111010000000111 (base 2) in base 16?
27407
Convert -2405442 (base 6) to base 14.
-33b22
What is -68488 (base 12) in base 2?
-100001111010101000
Convert 112334605 (base 7) to base 4.
122100121321
What is 5134542 (base 6) in base 11?
15891a
Convert 100011111011000010100 (base 2) to base 8.
4373024
-1010100101001000110 (base 2) to base 4
-1110221012
c5ea7 (base 16) to base 8
3057247
Convert -10020132323 (base 4) to base 7.
-12131243
Convert 1112031101 (base 4) to base 2.
1010110001101010001
What is 1000111202210 (base 3) in base 5?
114311404
Convert 1db37 (base 15) to base 3.
11221002121
Convert 62a23 (base 12) to base 7.
1046040
324716 (base 8) to base 6
2200354
61380 (base 10) to base 3
10010012100
Convert -1d23a (base 14) to base 12.
-37170
What is 456ee (base 16) in base 4?
1011123232
Convert 1001404212 (base 5) to base 9.
3650467
595313 (base 10) to base 9
1106548
What is 4ced9 (base 16) in base 14?
82b8d
What is -118481 (base 12) in base 15?
-5927a
What is 43ad3 (base 14) in base 2?
101000000011001001
2b79b8 (base 12) to base 8
2643734
-15d9d (base 16) to base 14
-2488d
Convert -73245 (base 13) to base 8.
-624101
Convert -300203 (base 11) to base 12.
-1b38b2
6443278 (base 10) to base 11
3700a26
Convert -27215 (base 11) to base 4.
-21133021
Convert -10000001001110111 (base 2) to base 12.
-3235b
Convert 22211013 (base 4) to base 7.
240225
-16102206 (base 7) to base 16
-179b1a
Convert 721507 (base 10) to base 7.
6063343
What is -1010020120 (base 3) in base 9?
-33216
-153354413 (base 6) to base 13
-89a43b
-24087 (base 13) to base 2
-10000000111100101
What is -39441 (base 14) in base 13?
-4c108
-1e19 (base 15) to base 10
-6549
9ca1d (base 15) to base 6
14403231
What is -3101010001 (base 4) in base 5?
-204400241
What is 656671 (base 8) in base 11?
140817
-33360203 (base 7) to base 9
-5382248
Convert -234534016 (base 7) to base 8.
-67434172
What is -81079 (base 14) in base 2?
-1001011101110100011
What is 2622a85 (base 12) in base 8?
34516605
Convert 7713413 (base 8) to base 14.
3bc695
-250055 (base 8) to base 5
-10223221
Convert -3254524 (base 6) to base 11.
-101567
What is -17025625 (base 8) in base 16?
-3c2b95
Convert 1114520 (base 11) to base 10.
1953204
246a8 (base 14) to base 11
60a6a
Convert 20103421 (base 6) to base 9.
1055684
960808 (base 12) to base 3
11110011020222
7454165 (base 8) to base 7
22622014
What is 11001100100110001101 (base 2) in base 5?
203304104
What is 34c37e (base 15) in base 7?
30302351
Convert 4354322 (base 6) to base 8.
650512
Convert -213330010312 (base 4) to base 16.
-9fc136
Convert 188627 (base 11) to base 3.
112201020021
-22212002102200 (base 3) to base 12
-16ab476
What is 5134849 (base 10) in base 4?
103211220001
-350825 (base 11) to base 9
-1038481
What is -2212534 (base 6) in base 7?
-641005
Convert 7c42ca (base 14) to base 2.
10000001010011111111010
14044001 (base 6) to base 7
4005604
Convert -578c02 (base 13) to base 12.
-84147a
-131103010020 (base 4) to base 6
-432340440
Convert 109899 (base 14) to base 9.
1048864
-10011011011011 (base 2) to base 14
-38a7
Convert 1d2b6 (base 15) to base 10.
95121
Convert 735716 (base 12) to base 4.
12322303002
-32011102 (base 4) to base 11
-3a379
What is -6cac5 (base 15) in base 4?
-1110220331
What is 2c2865 (base 16) in base 8?
13024145
Convert -4606449 (base 11) to base 5.
-4030423243
Convert 1011001100000011100 (base 2) to base 3.
200121220112
333421040 (base 6) to base 3
102101111112220
What is -101120020 (base 5) in base 3?
-202212021201
Convert -20427 (base 10) to base 6.
-234323
1122220122112 (base 3) to base 12
367705
Convert -6fce7 (base 16) to base 15.
-90a59
What is 4022344320 (base 5) in base 16?
7a42ac
-31223313000 (base 4) to base 16
-36bdc0
What is -22340074 (base 8) in base 16?
-49c03c
-157393 (base 10) to base 3
-21222220101
Convert 145311420 (base 6) to base 15.
405e76
Convert -1031015 (base 9) to base 8.
-2065673
What is 2360354 (base 7) in base 11?
1956a0
100000100000000000101100 (base 2) to base 6
502335100
3113132221 (base 4) to base 16
d77a9
Convert -3051425 (base 7) to base 8.
-1311706
Convert -165337 (base 8) to base 7.
-340204
Convert 3486347 (base 10) to base 14.
66a76b
16210665 (base 8) to base 15
4dd290
What is c7d6 (base 15) in base 5?
2323101
What is -100416 (base 9) in base 2?
-1110011111111100
Convert -2100312123 (base 4) to base 9.
-1103770
What is -2b62 (base 15) in base 5?
-244232
-134447 (base 9) to base 6
-1431411
What is 3243231110 (base 5) in base 6?
410113424
49243c (base 13) to base 5
421403332
-11010000101100000010 (base 2) to base 11
-534239
Convert 11033332300 (base 4) to base 14.
27b744
Convert -2642611 (base 11) to base 15.
-604747
What is 17233167 (base 8) in base 10?
4011639
Convert -10000001100001110010 (base 2) to base 12.
-217042
What is -5036356 (base 7) in base 15?
-bc164
Convert 10220004 (base 5) to base 4.
110321331
-79a45 (base 11) to base 5
-12200400
What is -1010011010110011101011 (base 2) in base 16?
-29aceb
-10212220010112 (base 3) to base 16
-1f80ef
Convert 301442 (base 9) to base 5.
21200423
Convert 3663755 (base 11) to base 13.
1422154
Convert -1774b (base 14) to base 2.
-1110011010110111
11410333322 (base 5) to base 16
cc06cf
What is -2000110130 (base 4) in base 8?
-2002434
1022110011021 (base 3) to base 15
dbb2d
77a51c (base 13) to base 7
32661606
What is -20011201020 (base 3) in base 2?
-11101101010111101
Convert 2021 (base 6) to base 5.
3240
-10067457 (base 9) to base 3
-100002021111221
Convert 429aa4 (base 13) to base 10.
1563891
What is -101